 106. Let k = 1 - f. What is the units digit of k?
0
Suppose 200 = 2*l + 184. What is the tens digit of 3*l/(-12)*1503/(-6)?
0
Suppose -5*t + 3*r + 69867 = 0, 3*r = 48 - 60. What is the hundreds digit of t?
9
Let a = 801 + -387. What is the hundreds digit of 132/(-44) + 0 + a?
4
Let g(s) = s**3 + 44*s**2 + 35*s + 29. Let v be g(-40). Suppose -15*u + 1211 = -v. What is the tens digit of u?
1
Suppose 4*r + p = 1 + 23, r + p = 9. Suppose 5*a - m = 3, -r*m + 0*m - 15 = 3*a. Suppose 324 = -a*f + 6*f. What is the tens digit of f?
5
Suppose -2*h - 521 = -111. Let v = h + 298. What is the units digit of v?
3
Suppose -70461 = -14*v + 63449. What is the hundreds digit of v?
5
Let o = 332 + -219. Suppose 0 = -5*p + 818 - o. What is the units digit of p?
1
Suppose 4592 + 2338 = 3*g. Suppose 5*x - 3102 + 198 = -3*t, -g = -4*x + 2*t. What is the hundreds digit of x?
5
Let n = -2610 + 15104. What is the ten thousands digit of n?
1
Suppose -2668510 = -150*y + 1401552 + 1187588. What is the thousands digit of y?
5
Suppose 0 = -5*q + 7*q - 29*q + 112023. What is the tens digit of q?
4
Let c(j) = 3*j**3 + 8*j**2 + 3*j + 10. Let n be c(4). Let s = n + 134. What is the tens digit of s?
7
Let q(y) = y**2 + 3*y + 4. Let b be q(-3). Suppose -5*l - v + 5*v + 24 = 0, 4*v = -l. Suppose 0 = l*f + b*f - 264. What is the units digit of f?
3
Let s = 80637 - 42732. What is the ten thousands digit of s?
3
Let w(x) = -x**3 + 41*x**2 + 3*x + 69. Let a be w(38). Suppose i + 2*c - 4485 = -4*i, 5*i - 4*c = a. What is the units digit of i?
9
What is the hundreds digit of (-72)/9 + 544806/18?
2
Let b = -162 + 167. Suppose 3234 = b*c + c. What is the units digit of c?
9
Let v = 198915 - 132506. What is the thousands digit of v?
6
Let d(r) = 96*r**2 - 190*r + 67. What is the hundreds digit of d(12)?
6
Let x = -8162 - -16118. Suppose -14*s - 3*s = -x. What is the hundreds digit of s?
4
Suppose -u - 2*h - 1081 = 0, -u - 1262 = -3*h - 171. Let s = -264 - u. What is the hundreds digit of s?
8
Suppose -3*l - 5563 + 637 = -3*t, -t + 5*l + 1630 = 0. What is the tens digit of t?
4
Let i be (2/7)/((-3)/(-21)). Suppose i*d - 170 = -2*u, u - 349 = -4*d - 21. What is the tens digit of d?
8
What is the units digit of ((-2)/8)/((-8)/44 + 4919240/27058240)?
4
What is the tens digit of ((-7852)/104)/(2/(-20))?
5
Let v(z) = 332*z**2 - 52*z - 309. What is the units digit of v(-6)?
5
Let z = 10788 + -2182. What is the thousands digit of z?
8
Let g be (11/(-4))/(-11) + (-238)/(-8). What is the hundreds digit of ((-1)/((-15)/156))/(1/g)?
3
Let s(v) = -v**3 + 8*v**2 + 17*v - 18. Let d be s(-8). Suppose d - 15 = 5*f. What is the tens digit of f?
7
Let a(r) = -r**2 + 135*r - 6. What is the hundreds digit of a(41)?
8
Let d = 109554 + -39828. What is the tens digit of d?
2
Let x(r) = 4*r**3 - 22*r**2 + 11*r - 4. Let h be x(7). Let s = h - 249. What is the tens digit of s?
1
Suppose -422 - 628 = -3*b. Let u = -174 + b. What is the units digit of u?
6
Suppose -4 = -r, 0 = -q + 3*r - 5*r - 142. What is the units digit of (41*14)/(20/q*-5)?
1
What is the thousands digit of 2238 + (2/6 - 1242/(-162))?
2
Suppose -2*t + f = -13401, -7*t - 5*f - 26805 = -11*t. What is the units digit of t?
0
Suppose -58 = -z + 42. Let p be z/30 + (-4)/(-6). Suppose -5*r = p*j - 30, 5*r - r - 3*j + 7 = 0. What is the units digit of r?
2
Let z = 123381 + -50168. What is the units digit of z?
3
Let t be -1 - -4 - -1 - (-4)/(-2). Suppose m = -t*m - 0*m. Suppose m = -2*q - 0*q + 196. What is the tens digit of q?
9
Let c(p) = 6*p**2 + 41*p - 222. Let j be c(5). Suppose 3*l = 1 + 5. Suppose j + 353 = l*t. What is the units digit of t?
3
Let k be (-13955)/(-10) - (-4)/(-24)*-3. Let h = k - 794. What is the tens digit of h?
0
Let q(d) = 76*d**3 + 2*d**2 - 1. Let c be q(1). Suppose g = -u + 19, 7*g - 3*u = 11*g - c. Let s = g + 204. What is the tens digit of s?
2
Let t = 281 - -30. What is the hundreds digit of (-5 - (1 - 6)) + t?
3
Let a(x) = -x**3 - x**2 + 4*x + 5. Let l be a(0). Suppose c = 2*o + 718, -l*o + 1463 = 10*c - 8*c. What is the tens digit of c?
2
Suppose n - 711 = -38. Let z = n + -456. Suppose -v - 69 = -z. What is the hundreds digit of v?
1
Suppose -37794 = -3*z - 14214. Suppose -123*d + 113*d = -z. What is the hundreds digit of d?
7
What is the units digit of 45428 + (2 - -13) - (-5 - -6)?
2
Let a be 1274/(-10) - (-86)/215. Let d = a - -259. What is the hundreds digit of d?
1
Suppose 193 = 6*w + 43. Suppose 0 = -w*m + 8*m + 2329. What is the tens digit of m?
3
Let a be 33/7 + (-10)/(-35). Suppose 2*w - 7 = -3*r - 0*w, a*r = -w + 14. Suppose 3*i + f = 4*i - 54, 2*i - 113 = r*f. What is the tens digit of i?
4
Suppose -7442*s + 8122795 = -7327*s. What is the units digit of s?
3
Suppose -4*z + 0*z + 2176 = 0. Suppose -13*r + z = -9*r. Suppose -6*w + 2*w - r = -2*v, -w + 384 = 5*v. What is the tens digit of v?
7
Suppose 2340 = -4*c + 17*c. Let q be (-8350)/(-90) - 4/(-18). Suppose -2*l = -2*o - c, -2*l + l = 2*o - q. What is the tens digit of l?
9
Suppose 0*y - 2*a - 3440 = -y, 0 = 4*y - 4*a - 13748. Suppose -7*w + 12*w - h - y = 0, 5*w + h - 3436 = 0. What is the tens digit of w?
8
What is the units digit of (-1)/(-1 + -2) - (-15 - 554440/60)?
6
Let f(k) = 2*k + 11. Let p = 62 + -65. Let x be f(p). Suppose -4 = -2*y + 3*n, 0 = -3*y - y - x*n + 8. What is the units digit of y?
2
Suppose 8*l = 29*l + 2*l - 119071. What is the tens digit of l?
7
Let p(u) = 138*u**2 + 181*u - 171. What is the tens digit of p(-25)?
5
Let l be (-25 - -30) + (0 - -7). Let p(b) = 99*b - 74. What is the thousands digit of p(l)?
1
Suppose -5*j + 27741 = -5*s - 78419, -5*s + 35 = 0. What is the ten thousands digit of j?
2
Let n(m) = -m + 4. Let h(x) = -x**2 - 12*x - 19. Let f be h(-10). Let g be n(f). Suppose v - s + 5*s = 159, 0 = -4*v + g*s + 579. What is the units digit of v?
7
What is the thousands digit of 7/(-1) - (-35)/(140/7632)?
1
Let d(i) = 60*i**2 - 14*i - 13. Let g be d(-1). Suppose -64*x + g*x = -273. What is the units digit of x?
1
Suppose 0 = 2116*z - 2023*z - 773295. What is the units digit of z?
5
Let d(k) = -2739*k**3 - k**2 - 10*k. What is the ten thousands digit of d(-2)?
2
Let k be (6/4 - 2)*218. Let t be (-4)/13 + 9312/(-156). What is the units digit of (1 - k/5)/((-9)/t)?
2
Let w(f) = f**2 + 17*f. Suppose -a - 12 = 4*t - 0*t, -37 = 4*a + 5*t. Let g be w(a). Let z = g - -84. What is the tens digit of z?
1
Suppose -a + 2*y + 62 = 58, -a + y + 5 = 0. What is the units digit of 2 - (4/a)/((-15)/9225)?
2
Let q be 1/(-1) + 0 + -16. Let v(p) = -p**3 - 17*p**2 + 2*p + 38. Let a be v(q). What is the tens digit of a/6*(-927)/(-6)?
0
Let z = 15598 - -31338. What is the thousands digit of z?
6
Let n(s) = 256*s**2 + 41*s + 75. What is the hundreds digit of n(-8)?
1
Let k = 68 + -66. Suppose -k*w = -3*c - 5*w + 726, -4*c + 943 = -w. What is the hundreds digit of c?
2
Let v(f) be the third derivative of f**5/30 - 15*f**4/8 - 40*f**3/3 + 4*f**2 + 1. What is the units digit of v(33)?
3
Let a(o) = -26*o**2 - 20*o - 2. Let u be a(-3). Suppose 0*t + 1320 = 5*t. Let r = u + t. What is the units digit of r?
8
Suppose 2*k - 42 = 5*k. Let j = -1027 - -1125. Let v = k + j. What is the units digit of v?
4
Let f = 1340 - 370. Let s = -16 + f. What is the units digit of s?
4
What is the ten thousands digit of 385888/24 + 3*(-6)/27?
1
Let t be (147/27 + -5)/(2/9). Let v(r) = 47*r - 4*r**t + 0 + 20 + 5*r**2 - 42*r. What is the tens digit of v(10)?
7
Let o = -2004 + 3760. Suppose -o = -11*f + 7*f. What is the hundreds digit of f?
4
Suppose 35*f - 32*f - 12 = 0. Let l(a) = -a - 1. Let o be l(-6). Suppose -825 = 5*m - 9*m + o*j, -f*m - j + 795 = 0. What is the tens digit of m?
0
Suppose 3*r = -3*a + 54171, -6224*a = 4*r - 6226*a - 72204. What is the ten thousands digit of r?
1
Suppose 8 = 4*n - 2*n. Suppose -2*j - 14 = n*o, 4*j + 0*j = 3*o + 27. What is the units digit of 5*(-1 + j) - 4?
6
Let x(k) = 3*k**2 + 9*k + 1196. What is the thousands digit of x(-26)?
2
Let r(p) = p**3 - 10*p**2 - 5*p - 9. Let l be r(12). Let d = l + -133. What is the tens digit of d?
8
Let k(q) = q**3 - 5*q**2 - 8*q - 3. Let i be k(6). Let r be (1 + -1)/(i/5). Suppose -g - 2*g + 303 = r. What is the tens digit of g?
0
Let n be (-1182)/(-14) + (-21)/49. Let z be (-3)/(-5) + n/60. Suppose 0